 the prime factors of 89034704.
2, 11, 45989
List the prime factors of 22156454.
2, 269, 41183
What are the prime factors of 594568842?
2, 3, 7, 59, 151, 227
List the prime factors of 19115548.
2, 17, 109, 2579
List the prime factors of 50094617.
50094617
List the prime factors of 327022929.
3, 41, 886241
List the prime factors of 43443758.
2, 21721879
List the prime factors of 792150180.
2, 3, 5, 179, 73757
List the prime factors of 4099349931.
3, 1366449977
List the prime factors of 64752178.
2, 257, 263, 479
What are the prime factors of 302125817?
7, 6165833
List the prime factors of 349315703.
11, 19, 43, 47, 827
What are the prime factors of 78036727?
78036727
What are the prime factors of 421147128?
2, 3, 397, 44201
What are the prime factors of 107781193?
13, 8290861
List the prime factors of 497640056.
2, 359, 173273
List the prime factors of 51910252.
2, 401, 32363
List the prime factors of 166992133.
7, 11, 31, 69959
List the prime factors of 85026070.
2, 5, 61, 139387
List the prime factors of 334618651.
23, 113, 128749
What are the prime factors of 1318732125?
3, 5, 743, 4733
What are the prime factors of 4230262123?
4230262123
What are the prime factors of 1429502140?
2, 5, 11, 6497737
List the prime factors of 993004993.
993004993
List the prime factors of 3043429364.
2, 101, 2267, 3323
What are the prime factors of 259986297?
3, 86662099
List the prime factors of 93881145.
3, 5, 727, 8609
List the prime factors of 1879907.
883, 2129
What are the prime factors of 927335770?
2, 5, 149, 4177
List the prime factors of 53356623.
3, 17785541
What are the prime factors of 1365484458?
2, 3, 13, 89, 196699
What are the prime factors of 133822725?
3, 5, 17, 104959
List the prime factors of 132640652.
2, 33160163
What are the prime factors of 162168343?
162168343
What are the prime factors of 123059203?
83, 271, 5471
What are the prime factors of 274005576?
2, 3, 13, 83, 3527
List the prime factors of 5861995498.
2, 1667, 1758247
List the prime factors of 219040287.
3, 7001, 10429
What are the prime factors of 29891725?
5, 1195669
List the prime factors of 53121152.
2, 7, 101, 587
What are the prime factors of 198933957?
3, 89, 248357
What are the prime factors of 73825419?
3, 577, 42649
What are the prime factors of 50526316?
2, 47, 268757
List the prime factors of 6648322794.
2, 3, 19, 43, 1356247
List the prime factors of 157043527.
157043527
List the prime factors of 3228743693.
7, 4937, 93427
List the prime factors of 428427865.
5, 19, 1097, 4111
What are the prime factors of 4204337?
4204337
What are the prime factors of 4534656460?
2, 5, 2389, 94907
What are the prime factors of 1090600855?
5, 19, 113, 5347
What are the prime factors of 364896897?
3, 137, 887827
List the prime factors of 117814771.
37, 41, 2099
List the prime factors of 12919576.
2, 1614947
List the prime factors of 178441157.
739, 241463
What are the prime factors of 320930407?
7, 45847201
What are the prime factors of 269691155?
5, 29, 281, 6619
List the prime factors of 2403638825.
5, 7, 13735079
List the prime factors of 341949657.
3, 7, 16283317
List the prime factors of 2135624677.
17, 125624981
List the prime factors of 105502093.
105502093
What are the prime factors of 903183366?
2, 3, 23, 29, 225683
What are the prime factors of 196908202?
2, 29, 3394969
What are the prime factors of 1563164815?
5, 29, 10780447
List the prime factors of 432797573.
13, 47, 708343
List the prime factors of 81826737.
3, 647, 42157
List the prime factors of 2020866401.
487, 4149623
List the prime factors of 36606812.
2, 11, 211, 3943
What are the prime factors of 63525944?
2, 31, 8263
What are the prime factors of 2683778362?
2, 79, 139, 122201
List the prime factors of 124975021.
47, 2659043
What are the prime factors of 45673460?
2, 5, 7, 311, 1049
List the prime factors of 1636996863.
3, 67, 8144263
What are the prime factors of 318577263?
3, 17, 773, 8081
What are the prime factors of 3502122945?
3, 5, 23, 10151081
What are the prime factors of 38493660?
2, 3, 5, 283, 2267
List the prime factors of 271808983.
2243, 121181
List the prime factors of 281052558.
2, 3, 43, 121039
What are the prime factors of 294462902?
2, 41, 1237, 2903
List the prime factors of 83774592.
2, 3, 11, 601
List the prime factors of 529985035.
5, 10193, 10399
What are the prime factors of 3878514417?
3, 1292838139
What are the prime factors of 4344655806?
2, 3, 59, 277, 547
What are the prime factors of 17437610?
2, 5, 1743761
What are the prime factors of 225054242?
2, 7, 16075303
List the prime factors of 11196906.
2, 3, 7, 23, 67, 173
List the prime factors of 27286801.
1129, 24169
List the prime factors of 316090514.
2, 547, 288931
List the prime factors of 23322026.
2, 7, 13, 127, 1009
What are the prime factors of 195962339?
139, 431, 3271
What are the prime factors of 23980347?
3, 888161
List the prime factors of 610873319.
7, 87267617
What are the prime factors of 3076256175?
3, 5, 3359, 12211
List the prime factors of 220100637.
3, 73366879
List the prime factors of 92342583.
3, 29, 31, 101, 113
List the prime factors of 14700290.
2, 5, 11, 12149
List the prime factors of 36691387.
36691387
List the prime factors of 114736444.
2, 151, 189961
List the prime factors of 1051187979.
3, 17, 20611529
List the prime factors of 2608408244.
2, 13, 1667, 30091
List the prime factors of 3147463231.
11, 286133021
What are the prime factors of 1150784738?
2, 12841, 44809
List the prime factors of 23764519.
23764519
What are the prime factors of 5699363294?
2, 42853, 66499
List the prime factors of 1021084010.
2, 5, 102108401
What are the prime factors of 31918524?
2, 3, 11, 241807
List the prime factors of 19001517.
3, 71, 89209
List the prime factors of 7558862.
2, 467, 8093
What are the prime factors of 312132554?
2, 587, 265871
List the prime factors of 144077103.
3, 151, 35339
List the prime factors of 15038349.
3, 41, 122263
List the prime factors of 349372337.
349372337
List the prime factors of 90974324.
2, 7, 3249083
List the prime factors of 935788843.
11, 85071713
What are the prime factors of 184434969?
3, 61478323
List the prime factors of 63775927.
61, 1045507
List the prime factors of 1211321895.
3, 5, 7, 1648057
List the prime factors of 853068300.
2, 3, 5, 7, 37, 10979
What are the prime factors of 2944056280?
2, 5, 11, 6691037
List the prime factors of 103396448.
2, 17, 71, 2677
List the prime factors of 906505910.
2, 5, 311, 291481
List the prime factors of 690187207.
4793, 143999
List the prime factors of 1429733328.
2, 3, 2843, 10477
List the prime factors of 206748024.
2, 3, 7, 71, 17333
List the prime factors of 314234537.
41, 191, 40127
What are the prime factors of 70146907?
70146907
What are the prime factors of 172381677?
3, 13, 4420043
List the prime factors of 7045540435.
5, 17, 23, 3603857
What are the prime factors of 3183341883?
3, 1061113961
What are the prime factors of 14083583?
14083583
List the prime factors of 2037980356.
2, 19, 43, 623617
List the prime factors of 175177686.
2, 3, 211, 138371
What are the prime factors of 569331481?
43, 821, 16127
List the prime factors of 1298543132.
2, 324635783
List the prime factors of 158784190.
2, 5, 15878419
List the prime factors of 25035823.
67, 373669
List the prime factors of 254341909.
254341909
List the prime factors of 225068453.
225068453
What are the prime factors of 7351075415?
5, 31, 997, 47569
What are the prime factors of 113493925?
5, 317, 14321
What are the prime factors of 467968321?
6977, 67073
What are the prime factors of 24004052?
2, 6001013
List the prime factors of 53039626.
2, 17, 1559989
List the prime factors of 39215311.
17, 41, 56263
What are the prime factors of 523110970?
2, 5, 52311097
List the prime factors of 85975600.
2, 5, 214939
What are the prime factors of 117512201?
10007, 11743
List the prime factors of 195868890.
2, 3, 5, 7, 41, 7583
List the prime factors of 260226904.
2, 7, 101, 139, 331
List the prime factors of 5975443409.
13, 31, 14827403
What are the prime factors of 1342399370?
2, 5, 13, 23, 43, 53, 197
List the prime factors of 309456037.
11, 47, 113, 5297
What are the prime factors of 575088627?
3, 191696209
List the prime factors of 3565788683.
24019, 148457
What are the